 is the tens digit of (-2 - -26)/(-4) + 1317?
1
Let k(a) = 11*a**2 + 9*a + 11. Let h be k(-5). Suppose 2*c + j = 77 + 44, h = 4*c + 3*j. What is the tens digit of c?
6
Suppose 0*y + 4*m + 2424 = 4*y, 1814 = 3*y - 2*m. What is the units digit of y?
2
Let s(c) = 161*c**2 + 5*c - 4. Suppose 3*h + 4*j = h - 14, 3*h + 1 = -j. What is the hundreds digit of s(h)?
1
Let m = 47 + -81. Let r be m/8 + (-3)/(-12). What is the units digit of r/6*(-6)/4?
1
Suppose -7*y + 1868 = -1555. What is the units digit of y?
9
Let b = 21 + -17. Suppose -2*i + 141 + 139 = b*r, -r + 72 = i. What is the units digit of r?
8
Suppose 2*j - 108 = -0*u - 4*u, 4*j + 8 = 0. Suppose 0 = -f + 2*f + 3*i - u, 4*f = 2*i + 126. What is the units digit of f?
1
Let d = 9 - 1. Let c = 11 - d. Let u(t) = 8*t + 7. What is the units digit of u(c)?
1
Let q(r) = 0 + 3*r + 2 + 78*r**3 - 6*r. What is the units digit of q(1)?
7
Suppose 32 = 4*z + 24. Suppose 0 = -z*a + 2*b + 112, b = 2*a - 2*b - 108. What is the units digit of a?
0
Suppose 31*c - 7876 - 26565 = 0. What is the thousands digit of c?
1
Suppose 3*c = -b + 4109, 0 = c + 7*b - 11*b - 1348. What is the tens digit of c?
6
Suppose 0 = 2*r - 4. Let a be r/5 - (-312)/(-5). What is the tens digit of (a + 10)/(-3 + 1)?
2
Let h(i) = i**3 - 3*i**2 - 3*i + 9. Let j be h(3). Suppose -2*c = -5*v - 231, 0 = 2*c - j*v + 2*v - 238. What is the hundreds digit of c?
1
What is the hundreds digit of -1 + (21 - 11) + 1247?
2
What is the tens digit of 2 + (-3 - 0) + (-13 - -733)?
1
Let b be ((-2)/(-6))/(4/444). Suppose b - 115 = -2*j. What is the units digit of j?
9
Let b = 43 + -32. Suppose b*q - 878 - 431 = 0. What is the hundreds digit of q?
1
Let a(o) = 313*o**2 - 5*o - 6. What is the tens digit of a(-1)?
1
Let q(j) = j**3 - j + 47. Let v be q(0). Let d be 4/14 + v/7. Let g = d + -4. What is the units digit of g?
3
Suppose 4*a + 64 = d - 3*d, 80 = -5*a - 4*d. Let x be (-1)/((a/60)/(-4)). Let k(l) = -4*l - 13. What is the units digit of k(x)?
7
Suppose r = 4*i + 214, -4*r - i + 8 = -763. Let f = r - 131. What is the tens digit of f?
6
Suppose 12*w - 1075 = 7*w. What is the hundreds digit of w?
2
Let u(d) = -d + 27. Let a be u(-11). Let v = a + -25. What is the units digit of v?
3
Suppose 4 = 2*z - 2*c, z + c - 17 = -3*c. Suppose z*g = 5*o - 370, -o = 2*o - 4*g - 218. What is the tens digit of o?
7
Suppose -4*z = 384 - 3596. What is the tens digit of z?
0
Let j(c) = c**2 - 7*c + 35. What is the units digit of j(10)?
5
Suppose 534 = -22*u + 24*u. Suppose -5*p - u = -8*p. What is the tens digit of p?
8
Let b = 5384 - 746. What is the tens digit of b?
3
Suppose 0 = 4*j - 13 + 9. Let n be (j/(-3))/(9/(-729)). Suppose -2*o = i - 5*o - n, 4*o - 59 = -5*i. What is the units digit of i?
5
Let y = 21 + -19. Suppose -2*s - 730 = -4*m, 2*m = -y*s + 7*s + 385. What is the units digit of m?
0
Suppose 0 = -3*f - 177 - 375. Let b = -92 - f. What is the units digit of b?
2
Let k(i) = -22*i + 6. Let t be k(-6). What is the units digit of t/9 + (-1)/(2 + 1)?
5
Let u = 4 + -4. Suppose u = h + g, g - 4 - 11 = 4*h. What is the units digit of (-3 - -12)*(-5)/h?
5
Let z(w) = -38*w**3 + 6*w**2 - 11*w - 23. What is the units digit of z(-3)?
0
Suppose 13*d + 558 = 16*d. Let b(o) = -o**2 - 3*o + 1. Let n be b(-3). Suppose 4*j = -2*y + d, 3*y - 2 = n. What is the tens digit of j?
4
Suppose -7*y = -4*y - 9. Suppose y*b = -b + 144. Let z = b - 19. What is the units digit of z?
7
Let z = 407 - -2207. What is the thousands digit of z?
2
Let s(k) be the third derivative of k**5/60 - k**4/12 - k**3/3 + 4*k**2. Suppose g - 2 - 1 = 0. What is the units digit of s(g)?
1
Let f(c) = 5*c - 3. Let j be f(3). Let b be (-15)/j - 4/(-16). What is the units digit of -2 + -18*b/2?
7
Suppose -4 = -2*n - 2*n. Let u = 4 - n. What is the tens digit of 8/24 + 122/u?
4
Suppose 3*x + 5 = 4*x. Suppose -x*i = -7*i + 130. What is the tens digit of i?
6
Let i be ((-5 - -1)/(-4))/(-1 + 0). What is the hundreds digit of 1/i + 11/((-11)/(-129))?
1
Suppose 21*z - 8713 = 8087. What is the units digit of z?
0
Let j(v) = v**3 - 5*v**2 + 6*v - 7. Let d be (-8)/20 - (-66)/15. What is the units digit of j(d)?
1
Suppose 0 = -4*n - 4*w + 9328, 123*n - 119*n = 4*w + 9304. What is the units digit of n?
9
Let h(k) = -6*k + 14*k + 7 - 24*k. What is the hundreds digit of h(-7)?
1
Let f = -645 - -1167. Suppose 2*o - f = -o. What is the hundreds digit of o?
1
Suppose -5588 = -4*o - 2*y, 4*o = -12*y + 16*y + 5564. What is the tens digit of o?
9
Let o be (2 - 1)*(-7 + 9). Let p = -1 + 3. Suppose o = t - p*n, 3*t + 2*n - 16 = t. What is the units digit of t?
6
Let t = 28 - 16. Suppose -2*o + t = -6*o, -5*l + 11 = 3*o. Suppose 5*q - 6 = l. What is the units digit of q?
2
Suppose -g + 1 + 2 = 0. Suppose 8 = -4*y, g*y + 141 = 6*l - 5*l. What is the tens digit of l?
3
Suppose -u + 5*z = 4*u - 2445, -3*u + z + 1457 = 0. What is the units digit of u?
4
Suppose -5*d + 2*i - 5*i = 102, 0 = -3*d + 4*i - 67. Let q = 2 + -18. Let x = q - d. What is the units digit of x?
5
Suppose 4*p = 2*p. Let h be (1 + p)/((-2)/(-176)). Suppose 5*j = 7*j - h. What is the units digit of j?
4
Suppose 4*z - 4*s = 2636, 3*z - 3*s + 639 = 4*z. Let y = -450 + z. What is the hundreds digit of y?
2
Let m(s) be the first derivative of s**5/60 - s**4/6 + 4*s**3/3 - 6. Let x(h) be the third derivative of m(h). What is the units digit of x(5)?
6
Let r = 4 + 0. Suppose -2*l = -5*k - 31, -4*l + r*k = l - 35. Suppose 0 = l*x - x - 46. What is the units digit of x?
3
Suppose -553*q + 13630 = -543*q. What is the thousands digit of q?
1
Suppose -12 + 2 = -g. Let z(t) = 7*t + 20. What is the units digit of z(g)?
0
Let u(q) = -23*q + 1071. What is the units digit of u(-10)?
1
Let c be 2 + ((-4)/(-2))/(-1). Suppose c = -3*f - 1 - 2. Let p = f - -10. What is the units digit of p?
9
Suppose x - 874 + 171 = 0. What is the tens digit of x?
0
Let n = -958 - -1856. What is the tens digit of n?
9
Let r be 1/(5/52) + (-14)/35. Let k(c) = 16*c - 1. What is the units digit of k(r)?
9
Let b(m) be the second derivative of -7*m**3/6 - 11*m**2/2 - 2*m. What is the units digit of b(-5)?
4
Let z be ((-32)/24)/(2/(-3)). Suppose 3*h + 2*i - z = 9, 0 = 4*i - 4. Suppose -h*o + 10*o = 77. What is the tens digit of o?
1
Let a = 109 - -12. Let j = a - 90. What is the units digit of j?
1
What is the tens digit of -4 - (2627/(-4))/((-24)/(-192))?
5
Let u = 1757 + -1120. What is the tens digit of u?
3
Let v(d) = 183*d - 88. What is the units digit of v(5)?
7
Let w(d) = -477*d**3 - 5*d**2 - 12*d - 6. What is the hundreds digit of w(-1)?
4
Suppose 2*i - 165 = -33. Suppose -5*p + t + 78 = -0*p, -4*p - t + i = 0. Suppose -2*s + p = -12. What is the units digit of s?
4
Let p = 945 - 367. What is the units digit of p?
8
Let h(r) = 6*r - 7 - 2*r - 5 - 2*r. Let v be h(8). Suppose v*l - 64 = 12. What is the tens digit of l?
1
Let z(c) = -c**3 + 4*c**2 - 2*c + 5. Let l(t) = -4*t - 4. Let m be l(-2). Let w be z(m). Let q(h) = -h**2 - 4*h - 1. What is the units digit of q(w)?
2
Suppose -4*b + 5*d = 359, -6 = -2*d - 0. Let y = 58 + b. Let c = y + 36. What is the units digit of c?
8
Let z(y) be the first derivative of y**4/4 - 4*y**3/3 + 2*y + 2. Suppose -1 = -k + 4. What is the units digit of z(k)?
7
Let r = 128 + 525. What is the units digit of r?
3
Let y = -28 - -33. What is the tens digit of (154/35)/(1/y)?
2
Let z = 379 - -126. What is the hundreds digit of z?
5
What is the units digit of (-2)/(-12) - 23427/(-54)?
4
Suppose 44 = 2*y + 3*s, 67 = 3*y - 3*s + 8*s. Suppose 4*t - y = 17. What is the units digit of t?
9
Let t(w) = -w**3 - 3*w**2 + 5*w + 8. What is the units digit of t(-4)?
4
Let u(t) = 4*t**2 + 1 - 2*t**2 + t**2. Let f be u(-2). Let a = f + -6. What is the units digit of a?
7
Let y = 1315 - 679. What is the tens digit of y?
3
Suppose 0 = w + 4*d - 142, 10*d = 7*d. What is the units digit of w?
2
What is the units digit of (6 - 412 - -6)*-2?
0
Let s be 11/(-55) - (-198)/10*-1. Let q(l) = -3*l**2 - 69*l + 3. What is the tens digit of q(s)?
8
Let i(d) be the second derivative of -d**3/3 - 5*d**2/2 - 3*d. Let g be i(-3). Let u = g - -1. What is the units digit of u?
2
Suppose -49 = -5*s - r, 0 = 7*s - 3*s - 5*r - 16. Let b = 9 - s. Suppose b*z - 2*z + 22 = -3*m, -4*m = -2*z + 20. What is the units 